mainder when d is divided by v?
25
Let s = 233 + -219. Calculate the remainder when s is divided by 4.
2
Suppose -5 - 5 = -5*n. Let p = n - -3. Suppose -8*m - 8 = -10*m. What is the remainder when p is divided by m?
1
Let t(s) be the first derivative of -s**4/4 + s**3 + s**2/2 + 3*s + 9. Let g = 4 + 17. What is the remainder when g is divided by t(3)?
3
Suppose 168 = 2*x + 5*f, -4*x - 4*f = -541 + 193. Let g(w) = w + 58. Calculate the remainder when g(0) is divided by x/7 + 2 - (-24)/84.
13
Suppose 4*z + 7 + 5 = 0. What is the remainder when 48 is divided by (-1 - 9/z) + 8?
8
Suppose -h = -3*a + 9, 10*h - 5*h = 4*a - 23. Calculate the remainder when ((-85)/(-34))/(a/40) is divided by 13.
11
Suppose 0 = -3*y - 3*i + 597, -y + 144 + 35 = -4*i. Calculate the remainder when y is divided by 29.
21
Let f = -15 - -21. Suppose 43*x - 300 - 345 = 0. Calculate the remainder when x is divided by f.
3
Let f = -1233 - -1308. Calculate the remainder when 1348 is divided by f.
73
Suppose 5*h = -4*f + 192, -5*h + 3*f + 168 = -f. What is the remainder when (-8)/h - ((-173)/9 + 3) is divided by 6?
4
Let g(b) = b**2 + 36*b + 228. Calculate the remainder when 624 is divided by g(-29).
24
Let b = 23 - 20. Let j be ((-1)/b)/((-2)/30). Calculate the remainder when ((-9)/j)/((-4)/40) is divided by 10.
8
Suppose -3*i = 4*l + 5, -l = 5*i - 10 - 10. Suppose -6*r = -i*r - 4. Suppose r*d = 3*d + 9. What is the remainder when 33 is divided by d?
6
Suppose -41*i - 927 + 2567 = 0. What is the remainder when i is divided by 5?
0
Let i(w) be the first derivative of -3/2*w**2 - 7*w + 3. What is the remainder when 40 is divided by i(-7)?
12
Let c be (-3)/9 - 121/(-3). Let y = -25 + c. Suppose -i - y = -v, 0*i - 4*i = 3*v - 80. What is the remainder when v is divided by 12?
8
What is the remainder when (15510/(-275))/((-3)/(-5) + -1) is divided by 29?
25
Suppose -3*g + 287 = -8*u + 13*u, u - 75 = -5*g. Calculate the remainder when 761 is divided by u.
46
Let z(s) = s**2 + 19*s + 5. Let o be z(-17). Let q = 58 + o. Calculate the remainder when q is divided by 5.
4
What is the remainder when (-4)/(-42) + 745*(-8)/(-42) is divided by 16?
14
Suppose 45*l = 5*q + 41*l - 659, -q = -2*l - 127. What is the remainder when q is divided by 31?
11
Let z be 2/13 - 150/(-39). Suppose 2*u = -4*i + 6, -z*i = u - i - 4. Calculate the remainder when 35 is divided by u/(-3) + (-57)/(-9).
5
Let f(u) = 26*u - 8. Suppose -8*b + 0*b + 40 = 0. What is the remainder when f(b) is divided by 31?
29
Calculate the remainder when (6/(-16))/(12/(-96)) + 180 is divided by 84.
15
Let d be (-1 + 7)/(6/4). Suppose 5*g + 632 = d*c, c + g = -2*g + 175. Calculate the remainder when c is divided by 55.
53
Let p be (2 - -6) + -3 - 1. Let j be (-6 + 1)/(3 - p). Suppose 167 = -j*f + 447. Calculate the remainder when f is divided by 19.
18
Suppose -21 = 3*k + 3. Let d be 4/(60/140 - 34/14). Let m = d - k. What is the remainder when 11 is divided by m?
5
Suppose 0 = 5*h + 1657 - 432. Let c = h + 353. What is the remainder when c is divided by 22?
20
Let p = 384 - 324. Calculate the remainder when 190 is divided by p.
10
Let v(m) = 25*m**2. Let g be v(-1). Suppose 20 = 3*b - g. What is the remainder when 72 is divided by b?
12
Let j(d) = d**3 - 14*d**2 + 15*d - 14. Calculate the remainder when j(14) is divided by 22.
20
Suppose 3*w - 4*g - 83 = 0, -5*g + 0*g = -2*w + 60. Calculate the remainder when 31 is divided by (-38)/(-5) - (0 + (-10)/w).
7
Let n(z) = 2*z**2 + 12*z + 3. Let m(a) = a - 2. Let j be m(9). Suppose u = -3*o + j + 14, 5*o - 7 = 3*u. Calculate the remainder when u is divided by n(-6).
0
Suppose z + 24 = 4*z. Suppose 0*x = -2*x + z. Suppose 98 = l + 2*w, 8*w - 392 = -x*l + 3*w. Calculate the remainder when l is divided by 33.
32
Let g(y) = -y + 16. Let s be g(16). Suppose 3*f + 2*w + s*w - 231 = 0, -5*f = -5*w - 385. What is the remainder when f is divided by 26?
25
What is the remainder when 53 is divided by ((-10)/5 + 5)/(2/14)?
11
Let a = 67 + -63. Suppose -a*z + 199 = -3*c, 3*z - 185 + 22 = 5*c. Calculate the remainder when 273 is divided by z.
43
Suppose -z = 7 + 84. Let j = -52 - z. Suppose -4*w + j = -41. Calculate the remainder when w is divided by 11.
9
Let v(r) = -r + 2 - 4*r + 4*r. Let i be v(-1). Suppose -i*m + m + 66 = 0. Calculate the remainder when m is divided by 9.
6
Let b be 0/(2/(-2)) + -2. Suppose 46 = 26*h - 24*h. Calculate the remainder when h*1/(-1 - b) is divided by 8.
7
Suppose 2*c = 2*d + d + 21, -c = -d - 13. Calculate the remainder when (8/10 + 166/(-20))*-14 is divided by c.
15
Let d be ((-18)/15)/((-12)/(-40)) + 9. Suppose -3*f = 4*o - 28, d*f + 3*o - 91 = -37. Calculate the remainder when f is divided by 1/4 + (-31)/(-4).
4
Let t(v) = -5*v + 1. Let x be t(-1). Calculate the remainder when 12 is divided by (-32)/(-5) + x/10.
5
Let x(d) = 111*d - 100. Suppose 101 - 371 = -5*o. Calculate the remainder when o is divided by x(1).
10
Calculate the remainder when 1204 is divided by (-308)/(-17) + (-2)/17.
16
Let a = -23 - -38. Let k = 22 + 37. Calculate the remainder when k is divided by a.
14
Let z(f) = f**2 + 5*f - 7. Let w(r) = r**3 + 23*r**2 - 7. Let c be w(-23). Calculate the remainder when 18 is divided by z(c).
4
Let m = -1023 - -1293. Calculate the remainder when m is divided by 17.
15
Suppose 0*w = w - 81. Let x(b) = -b**2 - 11*b + 24. Calculate the remainder when w is divided by x(-11).
9
Let z = -502 + 552. Calculate the remainder when z is divided by 23.
4
Let c be ((-125)/2 + 3)/((-3)/6). Suppose 5*s - 644 + c = 0. What is the remainder when s is divided by 22?
17
Suppose 360 + 280 = 40*w. Calculate the remainder when w is divided by 12.
4
Suppose 109 = 4*r - 7*j + 2*j, 0 = -3*r + 3*j + 81. Let k(o) = o**2 - 8*o - 24. Let v = -1 + 12. Calculate the remainder when r is divided by k(v).
8
Suppose -4 = -4*d + 2*d. What is the remainder when 6 is divided by (-1)/(-1*d/10)?
1
Let o = 247 - 215. Calculate the remainder when o is divided by 8.
0
Suppose -n + 26 = -5*g, -n - 2*g - 4 = 3*g. Suppose -5*b - 85 = -5*f, 0*b = f + 2*b - n. Calculate the remainder when 33 is divided by f.
3
Suppose 30*d = 28*d - 28. Let c be (24 + 16)*d/(-4). What is the remainder when 35 is divided by (-8)/(-6) + c/12?
9
Let c(f) = -2*f + 1. Let n be c(1). Let l be n*4 + (-23 - -14). Let x = l + 22. Calculate the remainder when x is divided by 4.
1
Suppose 0 = j + o - 130, 4*o = 5*j - 286 - 319. What is the remainder when j is divided by 66?
59
Suppose 0 = t + 9. Let l(z) = -z**3 - 7*z**2 + 11*z + 6. What is the remainder when l(t) is divided by 10?
9
Let j(v) = -v**3 - 8*v**2 - 4*v - 10. Let x be j(-8). Let n = 2 + x. What is the remainder when 116 is divided by n?
20
Let a be 2 + 7/(-1) + 2. Let n be a - (2 + (-40)/2). Calculate the remainder when ((-114)/n)/((-1)/5) is divided by 13.
12
Suppose v - 75 = -3*l, -2*v - 3*l + 387 = 3*v. Suppose -12*f + 10*f + v = 0. Calculate the remainder when 115 is divided by f.
37
Calculate the remainder when (257/2)/(11/(-8 - -52)) is divided by 11.
8
Suppose -9*q - 12 = -12*q. Let o be -1 + -3 - (-1 + q). Let w = o - -40. What is the remainder when w is divided by 17?
16
Let w = 59 + -65. What is the remainder when 27 is divided by 3 - w - 8/2?
2
Suppose 10 - 1 = 3*y. Let o(p) be the second derivative of p**5/20 - 5*p**4/4 - p**3/6 + 19*p**2/2 - 41*p. Calculate the remainder when o(15) is divided by y.
1
Suppose -5 = -4*v - 21. Let u = 7 + v. Suppose 0 = -5*j - u + 38. Calculate the remainder when 13 is divided by j.
6
Suppose 7*p + p = 2136. Calculate the remainder when p is divided by 15.
12
Let l(h) = -h + 4*h + 4*h**2 - 4 + 0*h**2 - 2*h. Suppose -c = -5*c + 8. Calculate the remainder when 41 is divided by l(c).
13
Let b(y) = -2*y + 2. Let c be b(2). Let t be 5 - (0 - (c - 1)). Calculate the remainder when 8 is divided by (t - (-8)/(-2)) + 5.
2
Suppose 0 = u + 1 + 19. Suppose -5*x - 125 = -2*x + 4*a, 4*x = -3*a - 162. Let p = u - x. Calculate the remainder when 55 is divided by p.
17
Let x(c) = c**2 + 6. Let k = -28 + 28. What is the remainder when (-46)/(-6) + (-88)/(-66) is divided by x(k)?
3
Let t(n) = -7*n - 1. Let i be t(-1). Suppose -i*j = -j - 130. Calculate the remainder when ((-19)/57)/(-2*(-1)/(-306)) is divided by j.
25
Let s(f) be the second deri